{"id":60,"date":"2026-03-13T11:34:31","date_gmt":"2026-03-13T11:34:31","guid":{"rendered":"http:\/\/www.karamanhotel.com\/?page_id=60"},"modified":"2026-03-13T14:25:58","modified_gmt":"2026-03-13T14:25:58","slug":"surdurulebilir-cevre-politikasi","status":"publish","type":"page","link":"https:\/\/www.karamanhotel.com\/index.php\/surdurulebilir-cevre-politikasi\/","title":{"rendered":"S\u00fcrd\u00fcr\u00fclebilir \u00c7evre Politikas\u0131"},"content":{"rendered":"<div class=\"wp-block-image\">\n<figure class=\"aligncenter\"><img decoding=\"async\" src=\"https:\/\/www.armadahotel.com.tr\/uploads\/surdurulebilircevrepolitikasi.jpg?w=600\" alt=\"\"\/><\/figure>\n<\/div>\n\n\n<p>Karaman Otel olarak, s\u00fcrd\u00fcr\u00fclebilir bir \u00e7evre anlay\u0131\u015f\u0131yla gelecek nesillere temiz ve sa\u011fl\u0131kl\u0131 bir d\u00fcnya b\u0131rakmay\u0131 hedefliyoruz. Bu kapsamda \u00e7evre kirlili\u011fini \u00f6nlemek, biyo\u00e7e\u015fitlili\u011fi korumak ve s\u00fcre\u00e7lerimizi s\u00fcrekli iyile\u015ftirmek i\u00e7in \u00e7al\u0131\u015f\u0131rken, yenilenebilir enerjinin kullan\u0131m\u0131n\u0131 art\u0131rmaya ve do\u011fal kaynaklar\u0131 etkin bir \u015fekilde kullanmaya \u00f6zen g\u00f6steriyoruz. Su t\u00fcketimini azalt\u0131yor, at\u0131klar\u0131m\u0131z\u0131 kayna\u011f\u0131nda azaltarak s\u0131f\u0131r at\u0131k ilkesiyle geri kazan\u0131ma y\u00f6neliyoruz. Kimyasal ve pestisit kullan\u0131m\u0131n\u0131 en aza indirerek do\u011faya zarar vermeyen \u00fcr\u00fcnleri tercih ediyor, ya\u015fam d\u00f6ng\u00fcs\u00fc bak\u0131\u015f a\u00e7\u0131s\u0131yla karbon ayak izimizi d\u00fczenli olarak izliyor ve azaltmay\u0131 ama\u00e7l\u0131yoruz. Acil durumlara y\u00f6nelik \u00e7evresel riskleri y\u00f6netiyor, \u00e7al\u0131\u015fanlar\u0131m\u0131z\u0131n fark\u0131ndal\u0131\u011f\u0131n\u0131 e\u011fitimlerle art\u0131r\u0131yor ve \u00e7evre dostu uygulamalar\u0131 kurum k\u00fclt\u00fcr\u00fcm\u00fcz\u00fcn ayr\u0131lmaz bir par\u00e7as\u0131 haline getiriyoruz.&nbsp;<\/p>\n\n\n\n<div data-wp-interactive=\"core\/file\" class=\"wp-block-file\"><object data-wp-bind--hidden=\"!state.hasPdfPreview\" hidden class=\"wp-block-file__embed\" data=\"https:\/\/www.karamanhotel.com\/wp-content\/uploads\/2026\/03\/PDF_GO_SURDURULEBILIR-YONETIM-SISTEMI.pdf\" type=\"application\/pdf\" style=\"width:100%;height:600px\" aria-label=\"PDF_GO_SU\u0308RDU\u0308RU\u0308LEBI\u0307LI\u0307R YO\u0308NETI\u0307M SI\u0307STEMI\u0307 g\u00f6m\u00fcs\u00fc.\"><\/object><a id=\"wp-block-file--media-499a3248-bd2d-4b83-8890-3f0e1438211b\" href=\"https:\/\/www.karamanhotel.com\/wp-content\/uploads\/2026\/03\/PDF_GO_SURDURULEBILIR-YONETIM-SISTEMI.pdf\">PDF_GO_SU\u0308RDU\u0308RU\u0308LEBI\u0307LI\u0307R YO\u0308NETI\u0307M SI\u0307STEMI\u0307<\/a><a href=\"https:\/\/www.karamanhotel.com\/wp-content\/uploads\/2026\/03\/PDF_GO_SURDURULEBILIR-YONETIM-SISTEMI.pdf\" class=\"wp-block-file__button wp-element-button\" download aria-describedby=\"wp-block-file--media-499a3248-bd2d-4b83-8890-3f0e1438211b\">\u0130ndir<\/a><\/div>\n","protected":false},"excerpt":{"rendered":"<p>Karaman Otel olarak, s\u00fcrd\u00fcr\u00fclebilir bir \u00e7evre anlay\u0131\u015f\u0131yla gelecek nesillere temiz ve sa\u011fl\u0131kl\u0131 bir d\u00fcnya b\u0131rakmay\u0131 hedefliyoruz. Bu kapsamda \u00e7evre kirlili\u011fini \u00f6nlemek, biyo\u00e7e\u015fitlili\u011fi korumak ve s\u00fcre\u00e7lerimizi s\u00fcrekli iyile\u015ftirmek i\u00e7in \u00e7al\u0131\u015f\u0131rken, yenilenebilir enerjinin kullan\u0131m\u0131n\u0131 art\u0131rmaya ve do\u011fal kaynaklar\u0131 etkin bir \u015fekilde kullanmaya \u00f6zen g\u00f6steriyoruz. Su t\u00fcketimini azalt\u0131yor, at\u0131klar\u0131m\u0131z\u0131 kayna\u011f\u0131nda azaltarak s\u0131f\u0131r at\u0131k ilkesiyle geri kazan\u0131ma y\u00f6neliyoruz. Kimyasal [&hellip;]<\/p>\n","protected":false},"author":1,"featured_media":0,"parent":0,"menu_order":0,"comment_status":"closed","ping_status":"closed","template":"","meta":{"footnotes":""},"class_list":["post-60","page","type-page","status-publish","hentry"],"_links":{"self":[{"href":"https:\/\/www.karamanhotel.com\/index.php\/wp-json\/wp\/v2\/pages\/60","targetHints":{"allow":["GET"]}}],"collection":[{"href":"https:\/\/www.karamanhotel.com\/index.php\/wp-json\/wp\/v2\/pages"}],"about":[{"href":"https:\/\/www.karamanhotel.com\/index.php\/wp-json\/wp\/v2\/types\/page"}],"author":[{"embeddable":true,"href":"https:\/\/www.karamanhotel.com\/index.php\/wp-json\/wp\/v2\/users\/1"}],"replies":[{"embeddable":true,"href":"https:\/\/www.karamanhotel.com\/index.php\/wp-json\/wp\/v2\/comments?post=60"}],"version-history":[{"count":3,"href":"https:\/\/www.karamanhotel.com\/index.php\/wp-json\/wp\/v2\/pages\/60\/revisions"}],"predecessor-version":[{"id":80,"href":"https:\/\/www.karamanhotel.com\/index.php\/wp-json\/wp\/v2\/pages\/60\/revisions\/80"}],"wp:attachment":[{"href":"https:\/\/www.karamanhotel.com\/index.php\/wp-json\/wp\/v2\/media?parent=60"}],"curies":[{"name":"wp","href":"https:\/\/api.w.org\/{rel}","templated":true}]}}